9
List the prime factors of 123269.
123269
What are the prime factors of 443532?
2, 3, 23, 1607
List the prime factors of 388653.
3, 353, 367
What are the prime factors of 340330?
2, 5, 34033
What are the prime factors of 443371?
23, 37, 521
What are the prime factors of 198633?
3, 73, 907
List the prime factors of 1920981.
3, 59, 10853
List the prime factors of 10346287.
7, 1049, 1409
What are the prime factors of 19082473?
19082473
List the prime factors of 2489053.
7, 79, 643
What are the prime factors of 17286241?
7, 61, 40483
What are the prime factors of 85845?
3, 5, 59, 97
What are the prime factors of 11540517?
3, 419, 9181
List the prime factors of 4787730.
2, 3, 5, 53197
What are the prime factors of 194134?
2, 113, 859
List the prime factors of 51471.
3, 7, 19, 43
What are the prime factors of 3118101?
3, 7, 37, 4013
What are the prime factors of 840926?
2, 23, 101, 181
What are the prime factors of 62560?
2, 5, 17, 23
What are the prime factors of 207093?
3, 69031
What are the prime factors of 4211524?
2, 1052881
What are the prime factors of 2776454?
2, 1388227
What are the prime factors of 166629?
3, 67, 829
List the prime factors of 618545.
5, 17, 19, 383
List the prime factors of 167329.
167329
List the prime factors of 514254.
2, 3, 13, 19, 347
What are the prime factors of 3269427?
3, 7, 23, 967
List the prime factors of 757507.
757507
List the prime factors of 56727.
3, 11, 191
List the prime factors of 140676.
2, 3, 19, 617
List the prime factors of 3723670.
2, 5, 372367
What are the prime factors of 378349?
67, 5647
List the prime factors of 1333505.
5, 266701
What are the prime factors of 504060?
2, 3, 5, 31, 271
What are the prime factors of 410507?
410507
What are the prime factors of 1121985?
3, 5, 8311
What are the prime factors of 5298650?
2, 5, 7, 15139
What are the prime factors of 3561250?
2, 5, 7, 11, 37
What are the prime factors of 359120?
2, 5, 67
What are the prime factors of 133205?
5, 26641
What are the prime factors of 1952821?
13, 150217
What are the prime factors of 1592312?
2, 199039
List the prime factors of 5828408.
2, 728551
List the prime factors of 208318.
2, 11, 17, 557
List the prime factors of 1214332.
2, 7, 31, 1399
List the prime factors of 268560.
2, 3, 5, 373
List the prime factors of 438878.
2, 11, 19949
What are the prime factors of 793404?
2, 3, 22039
List the prime factors of 364658.
2, 7, 61
List the prime factors of 318826.
2, 23, 29, 239
What are the prime factors of 2301862?
2, 109, 10559
List the prime factors of 14131921.
41, 344681
What are the prime factors of 5801430?
2, 3, 5, 193381
List the prime factors of 1423920.
2, 3, 5, 17, 349
List the prime factors of 13105605.
3, 5, 873707
What are the prime factors of 14721094?
2, 31, 283, 839
List the prime factors of 7953558.
2, 3, 83, 15971
What are the prime factors of 5516020?
2, 5, 389, 709
What are the prime factors of 312625?
5, 41, 61
List the prime factors of 5045893.
5045893
What are the prime factors of 168553?
7, 11, 199
List the prime factors of 1437907.
29, 179, 277
List the prime factors of 169231.
229, 739
What are the prime factors of 804576?
2, 3, 17, 29
List the prime factors of 1040101.
1040101
What are the prime factors of 38619606?
2, 3, 499, 12899
List the prime factors of 2059839.
3, 17, 13463
What are the prime factors of 1316?
2, 7, 47
What are the prime factors of 9576031?
9576031
What are the prime factors of 174255?
3, 5, 11617
List the prime factors of 1372372.
2, 103, 3331
What are the prime factors of 97946?
2, 48973
List the prime factors of 6282037.
53, 118529
What are the prime factors of 670297?
670297
List the prime factors of 201662.
2, 59, 1709
List the prime factors of 33226.
2, 37, 449
What are the prime factors of 1688119?
29, 58211
List the prime factors of 2285664.
2, 3, 29, 821
List the prime factors of 13426331.
19, 53, 67, 199
List the prime factors of 71440.
2, 5, 19, 47
What are the prime factors of 1053967?
1053967
List the prime factors of 1848770.
2, 5, 7, 11
What are the prime factors of 60501?
3, 7, 43, 67
List the prime factors of 1446706.
2, 723353
List the prime factors of 1278257.
41, 31177
What are the prime factors of 866539?
47, 103, 179
List the prime factors of 3229849.
7, 461407
List the prime factors of 5570180.
2, 5, 7, 11, 3617
List the prime factors of 12851.
71, 181
What are the prime factors of 819992?
2, 102499
What are the prime factors of 2292852?
2, 3, 191071
List the prime factors of 3492007.
3492007
List the prime factors of 93044.
2, 7, 3323
What are the prime factors of 965822?
2, 11, 13, 307
What are the prime factors of 6880964?
2, 19, 37, 2447
What are the prime factors of 1959527?
19, 151, 683
What are the prime factors of 18886909?
37, 510457
List the prime factors of 5101576.
2, 19, 33563
What are the prime factors of 1540884?
2, 3, 73, 1759
What are the prime factors of 104059?
104059
What are the prime factors of 16785770?
2, 5, 1678577
List the prime factors of 823715.
5, 164743
List the prime factors of 139435.
5, 79, 353
List the prime factors of 402936.
2, 3, 103, 163
List the prime factors of 3003467.
829, 3623
List the prime factors of 26500860.
2, 3, 5, 147227
What are the prime factors of 59618?
2, 13, 2293
What are the prime factors of 6192996?
2, 3, 569, 907
What are the prime factors of 11711300?
2, 5, 17, 83
List the prime factors of 927348.
2, 3, 77279
What are the prime factors of 150505?
5, 31, 971
List the prime factors of 2458605.
3, 5, 61, 2687
What are the prime factors of 303327?
3, 33703
List the prime factors of 1638324.
2, 3, 17, 2677
What are the prime factors of 1837030?
2, 5, 13, 1087
What are the prime factors of 14329868?
2, 7, 107, 4783
List the prime factors of 137198.
2, 181, 379
What are the prime factors of 66992?
2, 53, 79
What are the prime factors of 29666036?
2, 2017, 3677
What are the prime factors of 2066922?
2, 3, 11, 13, 73
List the prime factors of 2043189.
3, 379, 599
List the prime factors of 3431323.
7, 239, 293
List the prime factors of 814546.
2, 407273
List the prime factors of 1069054.
2, 7, 19, 4019
What are the prime factors of 4152723?
3, 1384241
What are the prime factors of 377355?
3, 5, 11, 2287
List the prime factors of 7816670.
2, 5, 103, 7589
What are the prime factors of 10155481?
7, 19, 29, 2633
List the prime factors of 27686.
2, 109, 127
What are the prime factors of 7348496?
2, 37, 12413
What are the prime factors of 179708?
2, 44927
What are the prime factors of 1146646?
2, 359, 1597
List the prime factors of 90095.
5, 37, 487
What are the prime factors of 249031?
131, 1901
What are the prime factors of 98472?
2, 3, 11, 373
List the prime factors of 1705781.
7, 11, 22153
What are the prime factors of 1984034?
2, 13, 137, 557
What are the prime factors of 430676?
2, 67, 1607
List the prime factors of 12733058.
2, 13, 489733
List the prime factors of 8967919.
8967919
What are the prime factors of 150022?
2, 75011
List the prime factors of 129777.
3, 181, 239
List the prime factors of 148405.
5, 67, 443
List the prime factors of 181239.
3, 60413
List the prime factors of 1747075.
5, 11, 6353
What are the prime factors of 36122?
2, 18061
What are the prime factors of 3743680?
2, 5, 11699
What are the prime factors of 11002551?
3, 7, 31, 16901
List the prime factors of 990694.
2, 495347
What are the prime factors of 353745?
3, 5, 7, 1123
List the prime factors of 847949.
847949
List the prime factors of 6473907.
3, 11, 65393
What are the prime factors of 1481253?
3, 563, 877
What are the prime factors of 334396?
2, 41, 2039
What are the prime factors of 765493?
17, 37, 1217
What are the prime factors of 1513481?
29, 52189
List the prime factors of 598006.
2, 19, 15737
What are the prime factors of 254473?
17, 14969
List the prime factors of 1139877.
3, 126653
What are the prime factors of 1871288?
2, 233911
List the prime factors of 291678.
2, 3, 173, 281
List the prime factors of 1440741.
3, 97, 4951
What are the prime factors of 1882537?
31, 60727
What are the prime factors of 62507?
62507
List the prime factors of 649634.
2, 47, 6911
What are the prime factors of 1930560?
2, 3, 5, 2011
List the prime factors of 16309316.
2, 499, 8171
List the prime factors of 202643.
7, 28949
List th